{"id":283,"date":"2022-01-29T08:40:56","date_gmt":"2022-01-29T08:40:56","guid":{"rendered":"https:\/\/aspazia.hr\/?page_id=283"},"modified":"2023-09-04T10:35:48","modified_gmt":"2023-09-04T10:35:48","slug":"njega-lica","status":"publish","type":"page","link":"https:\/\/aspazia.hr\/?page_id=283","title":{"rendered":"Njega lica"},"content":{"rendered":"\t\t<div data-elementor-type=\"wp-page\" data-elementor-id=\"283\" class=\"elementor elementor-283\" data-elementor-post-type=\"page\">\n\t\t\t\t\t\t<section class=\"elementor-section elementor-top-section elementor-element elementor-element-258e77b elementor-section-boxed elementor-section-height-default elementor-section-height-default\" data-id=\"258e77b\" data-element_type=\"section\" data-settings=\"{&quot;background_background&quot;:&quot;classic&quot;}\">\n\t\t\t\t\t\t<div class=\"elementor-container elementor-column-gap-default\">\n\t\t\t\t\t<div class=\"elementor-column elementor-col-100 elementor-top-column elementor-element elementor-element-00ec8f6\" data-id=\"00ec8f6\" data-element_type=\"column\">\n\t\t\t<div class=\"elementor-widget-wrap elementor-element-populated\">\n\t\t\t\t\t\t\t<\/div>\n\t\t<\/div>\n\t\t\t\t\t<\/div>\n\t\t<\/section>\n\t\t\t\t<section class=\"elementor-section elementor-top-section elementor-element elementor-element-5d316d3 elementor-section-boxed elementor-section-height-default elementor-section-height-default\" data-id=\"5d316d3\" data-element_type=\"section\">\n\t\t\t\t\t\t<div class=\"elementor-container elementor-column-gap-default\">\n\t\t\t\t\t<div class=\"elementor-column elementor-col-50 elementor-top-column elementor-element elementor-element-91a4360\" data-id=\"91a4360\" data-element_type=\"column\">\n\t\t\t<div class=\"elementor-widget-wrap elementor-element-populated\">\n\t\t\t\t\t\t<div class=\"elementor-element elementor-element-49618d3 elementor-widget elementor-widget-text-editor\" data-id=\"49618d3\" data-element_type=\"widget\" data-widget_type=\"text-editor.default\">\n\t\t\t\t<div class=\"elementor-widget-container\">\n\t\t\t\t\t\t\t<h2>Klasi\u010dni tretman lica<\/h2><p>je tretman <a href=\"https:\/\/www.nivea.hr\/savjeti\/suha-koza-lica?gclid=Cj0KCQiArt6PBhCoARIsAMF5waglIUXq4yiyZP5tnJR2PXs6PdWe7gA9pRRnX4R8sK1TVGB0q2oCM6UaAkG0EALw_wcB\">hidratacije<\/a>, stimulacije, \u010di\u0161\u0107enja, hranjenja i regeneracije ko\u017ee.<\/p><p>\u00a0<\/p>\t\t\t\t\t\t<\/div>\n\t\t\t\t<\/div>\n\t\t\t\t<div class=\"elementor-element elementor-element-5e2b51c uael-header-sticky-no uael-border-yes elementor-widget elementor-widget-uael-table\" data-id=\"5e2b51c\" data-element_type=\"widget\" data-widget_type=\"uael-table.default\">\n\t\t\t\t<div class=\"elementor-widget-container\">\n\t\t\t<div itemscope class=\"uael-table-wrapper\" itemtype=\"http:\/\/schema.org\/Table\">\n\t\t\t<table id=\"uael-table-id-5e2b51c\" class=\"uael-text-break uael-column-rules uael-table\" data-sort-table=\"no\" data-show-entry=\"no\" data-searchable=\"no\" data-responsive=\"no\">\n\t\t\t<thead>\n\t\t\t\t\t\t\t\t\t<tr class=\"uael-table-row\">\n\t\t\t\t\t\t\t\t\t\t\t\t<th data-sort=\"0\" class=\"sort-this elementor-repeater-item-0 uael-table-col uael-table-head-cell-text\" scope=\"col\">\n\t\t\t\t\t\t\t\t<span class=\"sort-style\">\n\t\t\t\t\t\t\t\t<span class=\"uael-table__text\">\n\n\t\t\t\t\t\t\t\t\t<span class=\"uael-table__text-inner\">\ufeffTE\u010cAJ KONVERZIJE <\/span>\n\t\t\t\t\t\t\t\t<\/span>\n\t\t\t\t\t\t\t\t\t\t\t\t\t\t\t\t<\/span>\n\t\t\t\t\t\t\t<\/th>\n\t\t\t\t\t\t\t\t\t\t\t\t\t\t<th data-sort=\"1\" class=\"sort-this elementor-repeater-item-1 uael-table-col uael-table-head-cell-text\" scope=\"col\">\n\t\t\t\t\t\t\t\t<span class=\"sort-style\">\n\t\t\t\t\t\t\t\t<span class=\"uael-table__text\">\n\n\t\t\t\t\t\t\t\t\t<span class=\"uael-table__text-inner\">1 EUR=7,53450 KN<\/span>\n\t\t\t\t\t\t\t\t<\/span>\n\t\t\t\t\t\t\t\t\t\t\t\t\t\t\t\t<\/span>\n\t\t\t\t\t\t\t<\/th>\n\t\t\t\t\t\t\t\t\t\t\t\t<\/tr>\n\t\t\t\t\t\t\t\t<\/thead>\n\t\t\t<tbody>\n\t\t\t\t<!-- ROWS -->\n\t\t\t\t\t\t\t<\/tbody>\n\t\t<\/table>\n\t\t<\/div>\n\t\t<\/div>\n\t\t\t\t<\/div>\n\t\t\t\t<div class=\"elementor-element elementor-element-9d10c55 elementor-share-buttons--skin-framed elementor-share-buttons--align-center elementor-share-buttons--view-icon-text elementor-share-buttons--shape-square elementor-grid-0 elementor-share-buttons--color-official elementor-widget elementor-widget-share-buttons\" data-id=\"9d10c55\" data-element_type=\"widget\" data-widget_type=\"share-buttons.default\">\n\t\t\t\t<div class=\"elementor-widget-container\">\n\t\t\t\t\t<div class=\"elementor-grid\">\n\t\t\t\t\t\t\t\t<div class=\"elementor-grid-item\">\n\t\t\t\t\t\t<div\n\t\t\t\t\t\t\tclass=\"elementor-share-btn elementor-share-btn_facebook\"\n\t\t\t\t\t\t\trole=\"button\"\n\t\t\t\t\t\t\ttabindex=\"0\"\n\t\t\t\t\t\t\taria-label=\"Share on facebook\"\n\t\t\t\t\t\t>\n\t\t\t\t\t\t\t\t\t\t\t\t\t\t\t<span class=\"elementor-share-btn__icon\">\n\t\t\t\t\t\t\t\t<i class=\"fab fa-facebook\" aria-hidden=\"true\"><\/i>\t\t\t\t\t\t\t<\/span>\n\t\t\t\t\t\t\t\t\t\t\t\t\t\t\t\t\t\t\t\t\t\t<div class=\"elementor-share-btn__text\">\n\t\t\t\t\t\t\t\t\t\t\t\t\t\t\t\t\t\t\t<span class=\"elementor-share-btn__title\">\n\t\t\t\t\t\t\t\t\t\tFacebook\t\t\t\t\t\t\t\t\t<\/span>\n\t\t\t\t\t\t\t\t\t\t\t\t\t\t\t\t\t<\/div>\n\t\t\t\t\t\t\t\t\t\t\t\t\t<\/div>\n\t\t\t\t\t<\/div>\n\t\t\t\t\t\t\t\t\t<div class=\"elementor-grid-item\">\n\t\t\t\t\t\t<div\n\t\t\t\t\t\t\tclass=\"elementor-share-btn elementor-share-btn_whatsapp\"\n\t\t\t\t\t\t\trole=\"button\"\n\t\t\t\t\t\t\ttabindex=\"0\"\n\t\t\t\t\t\t\taria-label=\"Share on whatsapp\"\n\t\t\t\t\t\t>\n\t\t\t\t\t\t\t\t\t\t\t\t\t\t\t<span class=\"elementor-share-btn__icon\">\n\t\t\t\t\t\t\t\t<i class=\"fab fa-whatsapp\" aria-hidden=\"true\"><\/i>\t\t\t\t\t\t\t<\/span>\n\t\t\t\t\t\t\t\t\t\t\t\t\t\t\t\t\t\t\t\t\t\t<div class=\"elementor-share-btn__text\">\n\t\t\t\t\t\t\t\t\t\t\t\t\t\t\t\t\t\t\t<span class=\"elementor-share-btn__title\">\n\t\t\t\t\t\t\t\t\t\tWhatsApp\t\t\t\t\t\t\t\t\t<\/span>\n\t\t\t\t\t\t\t\t\t\t\t\t\t\t\t\t\t<\/div>\n\t\t\t\t\t\t\t\t\t\t\t\t\t<\/div>\n\t\t\t\t\t<\/div>\n\t\t\t\t\t\t\t\t\t<div class=\"elementor-grid-item\">\n\t\t\t\t\t\t<div\n\t\t\t\t\t\t\tclass=\"elementor-share-btn elementor-share-btn_pinterest\"\n\t\t\t\t\t\t\trole=\"button\"\n\t\t\t\t\t\t\ttabindex=\"0\"\n\t\t\t\t\t\t\taria-label=\"Share on pinterest\"\n\t\t\t\t\t\t>\n\t\t\t\t\t\t\t\t\t\t\t\t\t\t\t<span class=\"elementor-share-btn__icon\">\n\t\t\t\t\t\t\t\t<i class=\"fab fa-pinterest\" aria-hidden=\"true\"><\/i>\t\t\t\t\t\t\t<\/span>\n\t\t\t\t\t\t\t\t\t\t\t\t\t\t\t\t\t\t\t\t\t\t<div class=\"elementor-share-btn__text\">\n\t\t\t\t\t\t\t\t\t\t\t\t\t\t\t\t\t\t\t<span class=\"elementor-share-btn__title\">\n\t\t\t\t\t\t\t\t\t\tPinterest\t\t\t\t\t\t\t\t\t<\/span>\n\t\t\t\t\t\t\t\t\t\t\t\t\t\t\t\t\t<\/div>\n\t\t\t\t\t\t\t\t\t\t\t\t\t<\/div>\n\t\t\t\t\t<\/div>\n\t\t\t\t\t\t<\/div>\n\t\t\t\t<\/div>\n\t\t\t\t<\/div>\n\t\t\t\t\t<\/div>\n\t\t<\/div>\n\t\t\t\t<div class=\"elementor-column elementor-col-50 elementor-top-column elementor-element elementor-element-8e74d68\" data-id=\"8e74d68\" data-element_type=\"column\">\n\t\t\t<div class=\"elementor-widget-wrap elementor-element-populated\">\n\t\t\t\t\t\t<div class=\"elementor-element elementor-element-f2ec0d5 elementor-widget elementor-widget-image\" data-id=\"f2ec0d5\" data-element_type=\"widget\" data-widget_type=\"image.default\">\n\t\t\t\t<div class=\"elementor-widget-container\">\n\t\t\t\t\t\t\t\t\t\t\t\t\t<img fetchpriority=\"high\" decoding=\"async\" width=\"945\" height=\"959\" src=\"https:\/\/aspazia.hr\/wp-content\/uploads\/2022\/01\/272630216_1307165049790642_1439731555465452604_n.jpg\" class=\"attachment-large size-large wp-image-351\" alt=\"\" srcset=\"https:\/\/aspazia.hr\/wp-content\/uploads\/2022\/01\/272630216_1307165049790642_1439731555465452604_n.jpg 945w, https:\/\/aspazia.hr\/wp-content\/uploads\/2022\/01\/272630216_1307165049790642_1439731555465452604_n-296x300.jpg 296w, https:\/\/aspazia.hr\/wp-content\/uploads\/2022\/01\/272630216_1307165049790642_1439731555465452604_n-768x779.jpg 768w\" sizes=\"(max-width: 945px) 100vw, 945px\" \/>\t\t\t\t\t\t\t\t\t\t\t\t\t<\/div>\n\t\t\t\t<\/div>\n\t\t\t\t\t<\/div>\n\t\t<\/div>\n\t\t\t\t\t<\/div>\n\t\t<\/section>\n\t\t\t\t<section class=\"elementor-section elementor-top-section elementor-element elementor-element-2ec483b elementor-section-boxed elementor-section-height-default elementor-section-height-default\" data-id=\"2ec483b\" data-element_type=\"section\">\n\t\t\t\t\t\t<div class=\"elementor-container elementor-column-gap-default\">\n\t\t\t\t\t<div class=\"elementor-column elementor-col-33 elementor-top-column elementor-element elementor-element-280b06b\" data-id=\"280b06b\" data-element_type=\"column\">\n\t\t\t<div class=\"elementor-widget-wrap elementor-element-populated\">\n\t\t\t\t\t\t<div class=\"elementor-element elementor-element-f954f1d elementor-widget elementor-widget-image\" data-id=\"f954f1d\" data-element_type=\"widget\" data-widget_type=\"image.default\">\n\t\t\t\t<div class=\"elementor-widget-container\">\n\t\t\t\t\t\t\t\t\t\t\t\t\t<img decoding=\"async\" width=\"560\" height=\"756\" src=\"https:\/\/aspazia.hr\/wp-content\/uploads\/2022\/01\/269610444_358177945785595_932589805619697900_n.jpg\" class=\"attachment-large size-large wp-image-348\" alt=\"\" srcset=\"https:\/\/aspazia.hr\/wp-content\/uploads\/2022\/01\/269610444_358177945785595_932589805619697900_n.jpg 560w, https:\/\/aspazia.hr\/wp-content\/uploads\/2022\/01\/269610444_358177945785595_932589805619697900_n-222x300.jpg 222w\" sizes=\"(max-width: 560px) 100vw, 560px\" \/>\t\t\t\t\t\t\t\t\t\t\t\t\t<\/div>\n\t\t\t\t<\/div>\n\t\t\t\t\t<\/div>\n\t\t<\/div>\n\t\t\t\t<div class=\"elementor-column elementor-col-33 elementor-top-column elementor-element elementor-element-dd33560\" data-id=\"dd33560\" data-element_type=\"column\">\n\t\t\t<div class=\"elementor-widget-wrap elementor-element-populated\">\n\t\t\t\t\t\t<div class=\"elementor-element elementor-element-ed5bab7 elementor-widget elementor-widget-image\" data-id=\"ed5bab7\" data-element_type=\"widget\" data-widget_type=\"image.default\">\n\t\t\t\t<div class=\"elementor-widget-container\">\n\t\t\t\t\t\t\t\t\t\t\t\t\t<img decoding=\"async\" width=\"560\" height=\"756\" src=\"https:\/\/aspazia.hr\/wp-content\/uploads\/2022\/01\/272188641_932539730957746_3252082108465644566_n.jpg\" class=\"attachment-large size-large wp-image-350\" alt=\"\" srcset=\"https:\/\/aspazia.hr\/wp-content\/uploads\/2022\/01\/272188641_932539730957746_3252082108465644566_n.jpg 560w, https:\/\/aspazia.hr\/wp-content\/uploads\/2022\/01\/272188641_932539730957746_3252082108465644566_n-222x300.jpg 222w\" sizes=\"(max-width: 560px) 100vw, 560px\" \/>\t\t\t\t\t\t\t\t\t\t\t\t\t<\/div>\n\t\t\t\t<\/div>\n\t\t\t\t\t<\/div>\n\t\t<\/div>\n\t\t\t\t<div class=\"elementor-column elementor-col-33 elementor-top-column elementor-element elementor-element-0cb90ea\" data-id=\"0cb90ea\" data-element_type=\"column\">\n\t\t\t<div class=\"elementor-widget-wrap elementor-element-populated\">\n\t\t\t\t\t\t<div class=\"elementor-element elementor-element-82dc5ef elementor-widget elementor-widget-image\" data-id=\"82dc5ef\" data-element_type=\"widget\" data-widget_type=\"image.default\">\n\t\t\t\t<div class=\"elementor-widget-container\">\n\t\t\t\t\t\t\t\t\t\t\t\t\t<img loading=\"lazy\" decoding=\"async\" width=\"945\" height=\"796\" src=\"https:\/\/aspazia.hr\/wp-content\/uploads\/2022\/01\/272054230_612396076728457_6387510394884527653_n-1.jpg\" class=\"attachment-large size-large wp-image-349\" alt=\"\" srcset=\"https:\/\/aspazia.hr\/wp-content\/uploads\/2022\/01\/272054230_612396076728457_6387510394884527653_n-1.jpg 945w, https:\/\/aspazia.hr\/wp-content\/uploads\/2022\/01\/272054230_612396076728457_6387510394884527653_n-1-300x253.jpg 300w, https:\/\/aspazia.hr\/wp-content\/uploads\/2022\/01\/272054230_612396076728457_6387510394884527653_n-1-768x647.jpg 768w\" sizes=\"(max-width: 945px) 100vw, 945px\" \/>\t\t\t\t\t\t\t\t\t\t\t\t\t<\/div>\n\t\t\t\t<\/div>\n\t\t\t\t\t<\/div>\n\t\t<\/div>\n\t\t\t\t\t<\/div>\n\t\t<\/section>\n\t\t\t\t<\/div>\n\t\t","protected":false},"excerpt":{"rendered":"<p>Klasi\u010dni tretman lica je tretman hidratacije, stimulacije, \u010di\u0161\u0107enja, hranjenja i regeneracije ko\u017ee. \u00a0 \ufeffTE\u010cAJ KONVERZIJE 1 EUR=7,53450 KN Facebook WhatsApp Pinterest<\/p>\n","protected":false},"author":1,"featured_media":0,"parent":0,"menu_order":0,"comment_status":"closed","ping_status":"closed","template":"elementor_header_footer","meta":{"ocean_post_layout":"","ocean_both_sidebars_style":"","ocean_both_sidebars_content_width":0,"ocean_both_sidebars_sidebars_width":0,"ocean_sidebar":"0","ocean_second_sidebar":"0","ocean_disable_margins":"on","ocean_add_body_class":"","ocean_shortcode_before_top_bar":"","ocean_shortcode_after_top_bar":"","ocean_shortcode_before_header":"","ocean_shortcode_after_header":"","ocean_has_shortcode":"","ocean_shortcode_after_title":"","ocean_shortcode_before_footer_widgets":"","ocean_shortcode_after_footer_widgets":"","ocean_shortcode_before_footer_bottom":"","ocean_shortcode_after_footer_bottom":"","ocean_display_top_bar":"off","ocean_display_header":"on","ocean_header_style":"","ocean_center_header_left_menu":"0","ocean_custom_header_template":"0","ocean_custom_logo":0,"ocean_custom_retina_logo":0,"ocean_custom_logo_max_width":0,"ocean_custom_logo_tablet_max_width":0,"ocean_custom_logo_mobile_max_width":0,"ocean_custom_logo_max_height":0,"ocean_custom_logo_tablet_max_height":0,"ocean_custom_logo_mobile_max_height":0,"ocean_header_custom_menu":"0","ocean_menu_typo_font_family":"0","ocean_menu_typo_font_subset":"","ocean_menu_typo_font_size":0,"ocean_menu_typo_font_size_tablet":0,"ocean_menu_typo_font_size_mobile":0,"ocean_menu_typo_font_size_unit":"px","ocean_menu_typo_font_weight":"","ocean_menu_typo_font_weight_tablet":"","ocean_menu_typo_font_weight_mobile":"","ocean_menu_typo_transform":"","ocean_menu_typo_transform_tablet":"","ocean_menu_typo_transform_mobile":"","ocean_menu_typo_line_height":0,"ocean_menu_typo_line_height_tablet":0,"ocean_menu_typo_line_height_mobile":0,"ocean_menu_typo_line_height_unit":"","ocean_menu_typo_spacing":0,"ocean_menu_typo_spacing_tablet":0,"ocean_menu_typo_spacing_mobile":0,"ocean_menu_typo_spacing_unit":"","ocean_menu_link_color":"","ocean_menu_link_color_hover":"","ocean_menu_link_color_active":"","ocean_menu_link_background":"","ocean_menu_link_hover_background":"","ocean_menu_link_active_background":"","ocean_menu_social_links_bg":"","ocean_menu_social_hover_links_bg":"","ocean_menu_social_links_color":"","ocean_menu_social_hover_links_color":"","ocean_disable_title":"on","ocean_disable_heading":"default","ocean_post_title":"","ocean_post_subheading":"","ocean_post_title_style":"","ocean_post_title_background_color":"","ocean_post_title_background":0,"ocean_post_title_bg_image_position":"","ocean_post_title_bg_image_attachment":"","ocean_post_title_bg_image_repeat":"","ocean_post_title_bg_image_size":"","ocean_post_title_height":0,"ocean_post_title_bg_overlay":0.5,"ocean_post_title_bg_overlay_color":"","ocean_disable_breadcrumbs":"off","ocean_breadcrumbs_color":"","ocean_breadcrumbs_separator_color":"","ocean_breadcrumbs_links_color":"","ocean_breadcrumbs_links_hover_color":"","ocean_display_footer_widgets":"off","ocean_display_footer_bottom":"off","ocean_custom_footer_template":"0","footnotes":""},"class_list":["post-283","page","type-page","status-publish","hentry","entry"],"yoast_head":"<!-- This site is optimized with the Yoast SEO plugin v23.9 - https:\/\/yoast.com\/wordpress\/plugins\/seo\/ -->\n<title>Njega lica - Aspazia kozmeti\u010dki salon<\/title>\n<meta name=\"description\" content=\"Uklanjanje bora, kapilara, pigmentacija,akni , fotopomla\u0111ivanje, zatezanje ko\u017ee lica i gornjih kapaka radimo aparativno ure\u0111ajima IPL\" \/>\n<meta name=\"robots\" content=\"index, follow, max-snippet:-1, max-image-preview:large, max-video-preview:-1\" \/>\n<link rel=\"canonical\" href=\"https:\/\/aspazia.hr\/?page_id=283\" \/>\n<meta property=\"og:locale\" content=\"hr_HR\" \/>\n<meta property=\"og:type\" content=\"article\" \/>\n<meta property=\"og:title\" content=\"Njega lica - Aspazia kozmeti\u010dki salon\" \/>\n<meta property=\"og:description\" content=\"Uklanjanje bora, kapilara, pigmentacija,akni , fotopomla\u0111ivanje, zatezanje ko\u017ee lica i gornjih kapaka radimo aparativno ure\u0111ajima IPL\" \/>\n<meta property=\"og:url\" content=\"https:\/\/aspazia.hr\/?page_id=283\" \/>\n<meta property=\"og:site_name\" content=\"Aspazia kozmeti\u010dki salon\" \/>\n<meta property=\"article:publisher\" content=\"https:\/\/www.facebook.com\/Kozmeti%c4%8dki-salon-Aspazia-598118686945703\" \/>\n<meta property=\"article:modified_time\" content=\"2023-09-04T10:35:48+00:00\" \/>\n<meta property=\"og:image\" content=\"https:\/\/aspazia.hr\/wp-content\/uploads\/2022\/01\/272630216_1307165049790642_1439731555465452604_n.jpg\" \/>\n<meta name=\"twitter:card\" content=\"summary_large_image\" \/>\n<meta name=\"twitter:label1\" content=\"Procijenjeno vrijeme \u010ditanja\" \/>\n\t<meta name=\"twitter:data1\" content=\"2 minute\" \/>\n<script type=\"application\/ld+json\" class=\"yoast-schema-graph\">{\"@context\":\"https:\/\/schema.org\",\"@graph\":[{\"@type\":\"WebPage\",\"@id\":\"https:\/\/aspazia.hr\/?page_id=283\",\"url\":\"https:\/\/aspazia.hr\/?page_id=283\",\"name\":\"Njega lica - Aspazia kozmeti\u010dki salon\",\"isPartOf\":{\"@id\":\"https:\/\/aspazia.hr\/#website\"},\"primaryImageOfPage\":{\"@id\":\"https:\/\/aspazia.hr\/?page_id=283#primaryimage\"},\"image\":{\"@id\":\"https:\/\/aspazia.hr\/?page_id=283#primaryimage\"},\"thumbnailUrl\":\"https:\/\/aspazia.hr\/wp-content\/uploads\/2022\/01\/272630216_1307165049790642_1439731555465452604_n.jpg\",\"datePublished\":\"2022-01-29T08:40:56+00:00\",\"dateModified\":\"2023-09-04T10:35:48+00:00\",\"description\":\"Uklanjanje bora, kapilara, pigmentacija,akni , fotopomla\u0111ivanje, zatezanje ko\u017ee lica i gornjih kapaka radimo aparativno ure\u0111ajima IPL\",\"breadcrumb\":{\"@id\":\"https:\/\/aspazia.hr\/?page_id=283#breadcrumb\"},\"inLanguage\":\"hr\",\"potentialAction\":[{\"@type\":\"ReadAction\",\"target\":[\"https:\/\/aspazia.hr\/?page_id=283\"]}]},{\"@type\":\"ImageObject\",\"inLanguage\":\"hr\",\"@id\":\"https:\/\/aspazia.hr\/?page_id=283#primaryimage\",\"url\":\"https:\/\/aspazia.hr\/wp-content\/uploads\/2022\/01\/272630216_1307165049790642_1439731555465452604_n.jpg\",\"contentUrl\":\"https:\/\/aspazia.hr\/wp-content\/uploads\/2022\/01\/272630216_1307165049790642_1439731555465452604_n.jpg\",\"width\":945,\"height\":959},{\"@type\":\"BreadcrumbList\",\"@id\":\"https:\/\/aspazia.hr\/?page_id=283#breadcrumb\",\"itemListElement\":[{\"@type\":\"ListItem\",\"position\":1,\"name\":\"Po\u010detna stranica\",\"item\":\"https:\/\/aspazia.hr\/\"},{\"@type\":\"ListItem\",\"position\":2,\"name\":\"Njega lica\"}]},{\"@type\":\"WebSite\",\"@id\":\"https:\/\/aspazia.hr\/#website\",\"url\":\"https:\/\/aspazia.hr\/\",\"name\":\"Aspazia kozmeti\u010dki salon\",\"description\":\"Kozmeti\u010dki salon Bjelovar\",\"publisher\":{\"@id\":\"https:\/\/aspazia.hr\/#organization\"},\"potentialAction\":[{\"@type\":\"SearchAction\",\"target\":{\"@type\":\"EntryPoint\",\"urlTemplate\":\"https:\/\/aspazia.hr\/?s={search_term_string}\"},\"query-input\":{\"@type\":\"PropertyValueSpecification\",\"valueRequired\":true,\"valueName\":\"search_term_string\"}}],\"inLanguage\":\"hr\"},{\"@type\":\"Organization\",\"@id\":\"https:\/\/aspazia.hr\/#organization\",\"name\":\"Aspazia kozmeti\u010dki salon\",\"url\":\"https:\/\/aspazia.hr\/\",\"logo\":{\"@type\":\"ImageObject\",\"inLanguage\":\"hr\",\"@id\":\"https:\/\/aspazia.hr\/#\/schema\/logo\/image\/\",\"url\":\"https:\/\/aspazia.hr\/wp-content\/uploads\/2022\/01\/logo2021-aspazia.jpg\",\"contentUrl\":\"https:\/\/aspazia.hr\/wp-content\/uploads\/2022\/01\/logo2021-aspazia.jpg\",\"width\":452,\"height\":365,\"caption\":\"Aspazia kozmeti\u010dki salon\"},\"image\":{\"@id\":\"https:\/\/aspazia.hr\/#\/schema\/logo\/image\/\"},\"sameAs\":[\"https:\/\/www.facebook.com\/Kozmeti\u010dki-salon-Aspazia-598118686945703\"]}]}<\/script>\n<!-- \/ Yoast SEO plugin. -->","yoast_head_json":{"title":"Njega lica - Aspazia kozmeti\u010dki salon","description":"Uklanjanje bora, kapilara, pigmentacija,akni , fotopomla\u0111ivanje, zatezanje ko\u017ee lica i gornjih kapaka radimo aparativno ure\u0111ajima IPL","robots":{"index":"index","follow":"follow","max-snippet":"max-snippet:-1","max-image-preview":"max-image-preview:large","max-video-preview":"max-video-preview:-1"},"canonical":"https:\/\/aspazia.hr\/?page_id=283","og_locale":"hr_HR","og_type":"article","og_title":"Njega lica - Aspazia kozmeti\u010dki salon","og_description":"Uklanjanje bora, kapilara, pigmentacija,akni , fotopomla\u0111ivanje, zatezanje ko\u017ee lica i gornjih kapaka radimo aparativno ure\u0111ajima IPL","og_url":"https:\/\/aspazia.hr\/?page_id=283","og_site_name":"Aspazia kozmeti\u010dki salon","article_publisher":"https:\/\/www.facebook.com\/Kozmeti%c4%8dki-salon-Aspazia-598118686945703","article_modified_time":"2023-09-04T10:35:48+00:00","og_image":[{"url":"https:\/\/aspazia.hr\/wp-content\/uploads\/2022\/01\/272630216_1307165049790642_1439731555465452604_n.jpg"}],"twitter_card":"summary_large_image","twitter_misc":{"Procijenjeno vrijeme \u010ditanja":"2 minute"},"schema":{"@context":"https:\/\/schema.org","@graph":[{"@type":"WebPage","@id":"https:\/\/aspazia.hr\/?page_id=283","url":"https:\/\/aspazia.hr\/?page_id=283","name":"Njega lica - Aspazia kozmeti\u010dki salon","isPartOf":{"@id":"https:\/\/aspazia.hr\/#website"},"primaryImageOfPage":{"@id":"https:\/\/aspazia.hr\/?page_id=283#primaryimage"},"image":{"@id":"https:\/\/aspazia.hr\/?page_id=283#primaryimage"},"thumbnailUrl":"https:\/\/aspazia.hr\/wp-content\/uploads\/2022\/01\/272630216_1307165049790642_1439731555465452604_n.jpg","datePublished":"2022-01-29T08:40:56+00:00","dateModified":"2023-09-04T10:35:48+00:00","description":"Uklanjanje bora, kapilara, pigmentacija,akni , fotopomla\u0111ivanje, zatezanje ko\u017ee lica i gornjih kapaka radimo aparativno ure\u0111ajima IPL","breadcrumb":{"@id":"https:\/\/aspazia.hr\/?page_id=283#breadcrumb"},"inLanguage":"hr","potentialAction":[{"@type":"ReadAction","target":["https:\/\/aspazia.hr\/?page_id=283"]}]},{"@type":"ImageObject","inLanguage":"hr","@id":"https:\/\/aspazia.hr\/?page_id=283#primaryimage","url":"https:\/\/aspazia.hr\/wp-content\/uploads\/2022\/01\/272630216_1307165049790642_1439731555465452604_n.jpg","contentUrl":"https:\/\/aspazia.hr\/wp-content\/uploads\/2022\/01\/272630216_1307165049790642_1439731555465452604_n.jpg","width":945,"height":959},{"@type":"BreadcrumbList","@id":"https:\/\/aspazia.hr\/?page_id=283#breadcrumb","itemListElement":[{"@type":"ListItem","position":1,"name":"Po\u010detna stranica","item":"https:\/\/aspazia.hr\/"},{"@type":"ListItem","position":2,"name":"Njega lica"}]},{"@type":"WebSite","@id":"https:\/\/aspazia.hr\/#website","url":"https:\/\/aspazia.hr\/","name":"Aspazia kozmeti\u010dki salon","description":"Kozmeti\u010dki salon Bjelovar","publisher":{"@id":"https:\/\/aspazia.hr\/#organization"},"potentialAction":[{"@type":"SearchAction","target":{"@type":"EntryPoint","urlTemplate":"https:\/\/aspazia.hr\/?s={search_term_string}"},"query-input":{"@type":"PropertyValueSpecification","valueRequired":true,"valueName":"search_term_string"}}],"inLanguage":"hr"},{"@type":"Organization","@id":"https:\/\/aspazia.hr\/#organization","name":"Aspazia kozmeti\u010dki salon","url":"https:\/\/aspazia.hr\/","logo":{"@type":"ImageObject","inLanguage":"hr","@id":"https:\/\/aspazia.hr\/#\/schema\/logo\/image\/","url":"https:\/\/aspazia.hr\/wp-content\/uploads\/2022\/01\/logo2021-aspazia.jpg","contentUrl":"https:\/\/aspazia.hr\/wp-content\/uploads\/2022\/01\/logo2021-aspazia.jpg","width":452,"height":365,"caption":"Aspazia kozmeti\u010dki salon"},"image":{"@id":"https:\/\/aspazia.hr\/#\/schema\/logo\/image\/"},"sameAs":["https:\/\/www.facebook.com\/Kozmeti\u010dki-salon-Aspazia-598118686945703"]}]}},"_links":{"self":[{"href":"https:\/\/aspazia.hr\/index.php?rest_route=\/wp\/v2\/pages\/283","targetHints":{"allow":["GET"]}}],"collection":[{"href":"https:\/\/aspazia.hr\/index.php?rest_route=\/wp\/v2\/pages"}],"about":[{"href":"https:\/\/aspazia.hr\/index.php?rest_route=\/wp\/v2\/types\/page"}],"author":[{"embeddable":true,"href":"https:\/\/aspazia.hr\/index.php?rest_route=\/wp\/v2\/users\/1"}],"replies":[{"embeddable":true,"href":"https:\/\/aspazia.hr\/index.php?rest_route=%2Fwp%2Fv2%2Fcomments&post=283"}],"version-history":[{"count":69,"href":"https:\/\/aspazia.hr\/index.php?rest_route=\/wp\/v2\/pages\/283\/revisions"}],"predecessor-version":[{"id":1258,"href":"https:\/\/aspazia.hr\/index.php?rest_route=\/wp\/v2\/pages\/283\/revisions\/1258"}],"wp:attachment":[{"href":"https:\/\/aspazia.hr\/index.php?rest_route=%2Fwp%2Fv2%2Fmedia&parent=283"}],"curies":[{"name":"wp","href":"https:\/\/api.w.org\/{rel}","templated":true}]}}